ase 12
9972
What is -121012 (base 3) in base 9?
-535
Convert -110100111 (base 2) to base 6.
-1543
Convert 1664 (base 7) to base 14.
36b
-10011 (base 2) to base 6
-31
-9689 (base 15) to base 5
-2004404
-125 (base 9) to base 13
-80
Convert -121 (base 11) to base 5.
-1034
Convert 1521 (base 6) to base 15.
1c4
Convert 2331 (base 8) to base 15.
57b
What is 102003 (base 4) in base 9?
1523
What is -55a0 (base 12) in base 6?
-111520
What is 8a8 (base 12) in base 2?
10100000000
What is -178e (base 15) in base 8?
-11734
Convert 2c890 (base 13) to base 2.
10100101111011011
-1444410 (base 5) to base 8
-74776
Convert 2b (base 14) to base 16.
27
Convert -1338 (base 12) to base 4.
-202130
6ab (base 15) to base 4
113213
-4181 (base 10) to base 13
-1b98
-33377 (base 9) to base 8
-53247
13001223 (base 4) to base 3
1110110220
-25114 (base 6) to base 2
-111010000110
Convert a402 (base 11) to base 10.
13796
-3352 (base 7) to base 8
-2275
-1ef (base 16) to base 8
-757
Convert -458 (base 11) to base 2.
-1000100011
Convert -1110011101100 (base 2) to base 7.
-30405
What is 1101212 (base 3) in base 13?
608
Convert -215365 (base 8) to base 13.
-26c81
Convert 110000001 (base 2) to base 3.
112021
Convert -3374 (base 13) to base 14.
-289b
Convert -10360 (base 11) to base 12.
-887a
What is 665 (base 8) in base 9?
535
Convert -3143 (base 6) to base 12.
-4b3
What is -2344 (base 5) in base 15?
-184
-72204 (base 8) to base 2
-111010010000100
1ad (base 16) to base 10
429
What is -1833 (base 10) in base 9?
-2456
What is 2637 (base 8) in base 12?
9bb
What is 135e (base 15) in base 9?
5608
1303000 (base 4) to base 2
1110011000000
Convert -113342 (base 6) to base 15.
-2dbe
-2046 (base 9) to base 2
-10111011100
-2755 (base 12) to base 7
-16130
Convert 5835 (base 9) to base 12.
2605
What is -122111 (base 3) in base 11?
-39a
Convert 11011011 (base 2) to base 8.
333
22122 (base 3) to base 5
1413
What is -a30 (base 13) in base 16?
-6c1
What is 1347 (base 8) in base 12?
51b
Convert 19 (base 16) to base 5.
100
Convert -2323012 (base 4) to base 12.
-6b1a
Convert -22003 (base 4) to base 5.
-10033
What is 322032 (base 5) in base 16?
2a8c
What is 4054 (base 8) in base 16?
82c
e9c1 (base 16) to base 6
1141013
213522 (base 6) to base 2
100010100011010
1dc5 (base 15) to base 10
6485
Convert 474 (base 14) to base 8.
1566
What is a0ba (base 14) in base 2?
110101111010100
142331 (base 5) to base 8
13516
What is -10da (base 15) in base 8?
-6774
-1627 (base 8) to base 7
-2452
Convert -10143 (base 5) to base 2.
-1010100001
What is 10010022 (base 3) in base 14?
b88
1015400 (base 6) to base 4
30000120
-349 (base 13) to base 11
-477
What is 1101111110101 (base 2) in base 9?
10732
d46 (base 15) to base 7
11502
What is -111000110 (base 2) in base 5?
-3304
What is -19609 (base 14) in base 9?
-107171
What is -1000231 (base 4) in base 10?
-4141
Convert 84c (base 14) to base 16.
664
14742 (base 11) to base 16
517a
Convert -7802 (base 9) to base 8.
-13171
What is 31000 (base 6) in base 14?
16d2
Convert -3442 (base 5) to base 3.
-200102
110110101100 (base 2) to base 4
312230
-2110231 (base 4) to base 2
-10010100101101
Convert 510212 (base 6) to base 13.
15428
1100200 (base 3) to base 2
1111011110
-c652 (base 14) to base 11
-2374a
Convert -3a1a (base 13) to base 3.
-102101120
What is 4102 (base 5) in base 10?
527
Convert 220a9 (base 12) to base 9.
67723
What is -20351 (base 9) in base 3?
-200101201
-498 (base 11) to base 14
-303
6231 (base 7) to base 10
2178
What is 2727 (base 8) in base 2?
10111010111
-13004 (base 6) to base 15
-89d
What is -355510 (base 6) in base 10?
-31074
-1000012 (base 3) to base 10
-734
272b (base 12) to base 9
6148
Convert 1120100 (base 4) to base 2.
1011000010000
1212101 (base 3) to base 16
550
Convert -1064 (base 14) to base 7.
-11154
Convert -78b (base 14) to base 10.
-1495
21001 (base 3) to base 16
be
What is 394 (base 14) in base 9?
877
Convert 1100001001011 (base 2) to base 5.
144334
119a (base 11) to base 3
2010211
Convert -1022110 (base 3) to base 15.
-43c
Convert -2e9b (base 16) to base 14.
-44c3
What is -132330 (base 4) in base 14?
-a16
393 (base 11) to base 10
465
What is 1b34 (base 16) in base 5?
210324
What is -1b8 (base 16) in base 9?
-538
3af7 (base 16) to base 15
4715
What is 17a (base 13) in base 6?
1130
What is -10201001 (base 4) in base 9?
-27332
What is -10210111 (base 3) in base 15?
-c47
Convert 12423 (base 5) to base 8.
1734
-1122210 (base 3) to base 10
-1209
Convert 52a (base 13) to base 15.
3db
10112 (base 4) to base 5
2103
232013 (base 5) to base 7
33304
What is 6d2 (base 16) in base 15?
7b6
11111010 (base 2) to base 7
505
Convert 4a6 (base 16) to base 4.
102212
-b65 (base 14) to base 15
-9ea
Convert -12aa4 (base 13) to base 5.
-2103104
-77b (base 16) to base 2
-11101111011
Convert 38416 (base 10) to base 11.
26954
Convert -11220110 (base 3) to base 8.
-6770
Convert 35110 (base 6) to base 15.
1740
What is -d87b (base 16) in base 2?
-1101100001111011
1c8e (base 15) to base 8
14101
2d6 (base 15) to base 5
10101
What is -dc3 (base 16) in base 7?
-13162
-21857 (base 9) to base 12
-8507
What is -611 (base 12) in base 9?
-1174
62 (base 7) to base 15
2e
201022 (base 3) to base 7
1343
8494 (base 10) to base 8
20456
237 (base 14) to base 5
3231
What is 1433 (base 7) in base 15?
278
What is -15165 (base 8) in base 13?
-3110
What is -2363 (base 10) in base 4?
-210323
Convert -23644 (base 8) to base 4.
-2132210
What is 246 (base 16) in base 10?
582
1e8 (base 16) to base 5
3423
675 (base 9) to base 15
26e
What is -10145 (base 7) in base 12?
-152b
What is 132065 (base 7) in base 12?
1239b
Convert 2224 (base 6) to base 5.
4040
What is 8034 (base 12) in base 10?
13864
What is -5461 (base 11) in base 6?
-53210
What is -98 (base 16) in base 12?
-108
-1005 (base 6) to base 8
-335
Convert -1840 (base 9) to base 13.
-849
What is -20330202 (base 4) in base 12?
-19256
Convert -6434 (base 7) to base 15.
-a1e
Convert 492c (base 13) to base 9.
15166
Convert 10100110110100 (base 2) to base 5.
320201
10101110111101 (base 2) to base 9
16321
Convert -10218 (base 10) to base 2.
-10011111101010
Convert 454 (base 13) to base 11.
618
Convert -1000105 (base 6) to base 10.
-46697
-1737 (base 10) to base 7
-5031
2420 (base 8) to base 11
a79
af (base 16) to base 11
14a
What is -5140 (base 7) in base 3?
-2110101
3477 (base 12) to base 8
13333
What is 151 (base 10) in base 2?
10010111
What is -2021111 (base 4) in base 9?
-13045
What is 11011001111011 (base 2) in base 8?
33173
What is -2913 (base 12) in base 7?
-16620
-22231 (base 5) to base 7
-4365
What is -3032 (base 9) in base 4?
-202220
What is 455 (base 13) in base 16?
2ea
Convert -2ad (base 14) to base 5.
-4140
1312312 (base 5) to base 7
135451
What is -11404 (base 7) in base 4?
-232000
Convert 18623 (base 11) to base 10.
26040
What is 503 (base 16) in base 10?
1283
Convert 1210001 (base 5) to base 7.
122413
Convert -3cc4 (base 13) to base 5.
-240104
Convert -2592 (base 16) to base 13.
-44bb
Convert -334 (base 16) to base 10.
-820
2562 (base 7) to base 12
693
Convert -2121 (base 10) to base 14.
-ab7
Convert 3002 (base 5) to base 11.
313
Convert 10001100100 (base 2) to base 6.
5112
What is 1210100 (base 3) in base 12?
909
-788 (base 9) to base 12
-45b
Convert 1110110111 (base 2) to base 9.
1266
Convert 27327 (base 10) to base 14.
9d5d
What is -152344 (base 7) in base 3?
-1111201011
What is -170 (base 13) in base 11?
-217
Convert 14143 (base 6) to base 16.
8af
Convert -163 (base 11) to base 14.
-d8
What is 15742 (base 11) in base 14?
812d
a697 (base 12) to base 15
5624
Convert 2564 (base 8) to base 6.
10244
Convert 15bb (base 12) to base 14.
d31
5119 (base 14) to base 4
3121303
1207 (base 9) to base 6
4054
Convert 118287 (base 9) to base 4.
101200003
Convert 33131100 (base 4) to base 11.
43627
c2a9 (base 13) to base 15
7e46
Convert -ab37 (base 14) to base 16.
-73cd
Convert 110111111001001 (base 2) to base 9.
43226
2214 (base 10) to base 7
6312
10133 (base 5) to base 13
3c5
Convert 100111001011011 (base 2) to base 7.
112324
What is -20030 (base 5) in base 7?
-3455
What is c8d (base 16) in base 12?
1a39
What is 3320013 (base 4) in base 5?
1002004
What is ce84 (base 15) in base 12?
213ba
5dd (base 14) to base 11
979
What is -de (base 16) in base 2?
